{"id":349,"date":"2023-04-08T22:11:22","date_gmt":"2023-04-08T20:11:22","guid":{"rendered":"https:\/\/strohteam.fr\/?page_id=349"},"modified":"2024-04-11T14:34:21","modified_gmt":"2024-04-11T12:34:21","slug":"galerie","status":"publish","type":"page","link":"https:\/\/strohteam.fr\/index.php\/galerie\/","title":{"rendered":"Galeries"},"content":{"rendered":"\n<h2 class=\"has-text-align-center has-x-large-font-size wp-block-heading\"><strong> Moments part<\/strong>ag\u00e9s<\/h2>\n\n\n\n<div class=\"wp-block-columns alignwide is-layout-flex wp-container-core-columns-is-layout-1 wp-block-columns-is-layout-flex\">\n<div class=\"wp-block-column is-layout-flow wp-block-column-is-layout-flow\" style=\"flex-basis:100%\"><\/div>\n<\/div>\n\n\n\n<div class=\"wp-block-columns is-layout-flex wp-container-core-columns-is-layout-2 wp-block-columns-is-layout-flex\">\n<div class=\"wp-block-column is-layout-flow wp-block-column-is-layout-flow\" style=\"flex-basis:66.66%\"><div class=\"sgdg-gallery-container\" data-sgdg-hash=\"4813494d137e1631bba301d5acab6e7bb7aa74ce1185d456565ef51d737677b2\"><div class=\"sgdg-loading\"><div><\/div><\/div><\/div><\/div>\n\n\n\n<div class=\"wp-block-column is-layout-flow wp-block-column-is-layout-flow\" style=\"flex-basis:33.33%\">\n<p class=\"has-black-color has-text-color has-medium-font-size\" style=\"font-style:normal;font-weight:700\"><strong><mark style=\"background-color:#9b51e0\" class=\"has-inline-color has-white-color\">Navigation dans la galerie<\/mark><\/strong><\/p>\n\n\n\n<p class=\"has-black-color has-text-color\"><mark style=\"background-color:rgba(0, 0, 0, 0)\" class=\"has-inline-color has-vivid-purple-color\"><em>Cliquer sur le r\u00e9pertoire \/ cliquer sur une photo \/ Changer de photo avec les curseurs lat\u00e9raux. Cliquer sur <\/em><\/mark><mark style=\"background-color:rgba(0, 0, 0, 0)\" class=\"has-inline-color has-vivid-cyan-blue-color\"><em>Gallery<\/em> <\/mark><mark style=\"background-color:rgba(0, 0, 0, 0)\" class=\"has-inline-color has-vivid-purple-color\">pour retourner \u00e0 la racine.<\/mark><\/p>\n\n\n\n<h2 class=\"wp-block-heading\"><a href=\"https:\/\/strohteam.fr\/index.php\/galerie\/?sgdg-path-4813494d=1-Y4LrzQrx2wDGoFNkTQ6De00iLONDI3E\">Photo avec Georges<\/a><\/h2>\n\n\n\n<p>Quelques photos de bon moments avec Georges<\/p>\n\n\n\n<h2 class=\"wp-block-heading\">Vieilles Photos<\/h2>\n\n\n\n<p>Mettre un nom sur chaque photographi\u00e9 &#8230; pas facile &#8230; souvent un casse t\u00eate insoluble &#8230;<\/p>\n\n\n\n<h2 class=\"wp-block-heading\">90 ans de Maryse 1989<\/h2>\n\n\n\n<p>Il y avait du monde \u00e0 Ollioules&#8230;<\/p>\n\n\n\n<h2 class=\"wp-block-heading\">Bagatelle et Denise 2017<\/h2>\n\n\n\n<p>A\u00e9ration la veille de la Cousinade de 2017.<\/p>\n\n\n\n<h2 class=\"wp-block-heading\">Cousinade 2017<\/h2>\n\n\n\n<p class=\"has-text-align-left\">A Levallois-Perret. <\/p>\n\n\n\n<h2 class=\"wp-block-heading\">La Mouthe  Le Cimeti\u00e8re<\/h2>\n\n\n\n<p>2 jours chez Jean-Michel et Sylvette, pour faire quelques photos sur le cimeti\u00e8re (demande Georges) et surtout le plaisir de les voir.<\/p>\n\n\n\n<h2 class=\"wp-block-heading\">Cousinade 2022<\/h2>\n\n\n\n<p>A Levallois-Perret. Plaisir de voir les familles d&rsquo;Olivier, de Claire &#8230; etc . Retardataires absents des photo: Alix, Christel (logique) et Philippe (moins logique) \ud83d\ude42 .<\/p>\n\n\n\n<div style=\"height:53px\" aria-hidden=\"true\" class=\"wp-block-spacer\"><\/div>\n<\/div>\n<\/div>\n\n\n\n<p><em><mark style=\"background-color:#fcb900\" class=\"has-inline-color\">Retour \u00e0 la racine <\/mark>en cliquant sur <mark style=\"background-color:rgba(0, 0, 0, 0)\" class=\"has-inline-color has-vivid-cyan-blue-color\">Gallery <\/mark>au dessus des r\u00e9pertoires<\/em><\/p>\n\n\n\n<div style=\"height:66px\" aria-hidden=\"true\" class=\"wp-block-spacer\"><\/div>\n","protected":false},"excerpt":{"rendered":"<p>Moments partag\u00e9s Navigation dans la galerie Cliquer sur le r\u00e9pertoire \/ cliquer sur une photo \/ Changer de photo avec les curseurs lat\u00e9raux. Cliquer sur Gallery pour retourner \u00e0 la racine. Photo avec Georges Quelques photos de bon moments avec Georges Vieilles Photos Mettre un nom sur chaque photographi\u00e9 &#8230; pas facile &#8230; souvent un [&hellip;]<\/p>\n","protected":false},"author":2,"featured_media":879,"parent":0,"menu_order":0,"comment_status":"closed","ping_status":"closed","template":"","meta":{"_et_pb_use_builder":"off","_et_pb_old_content":"<!-- wp:heading {\"textAlign\":\"center\",\"fontSize\":\"x-large\"} -->\n<h2 class=\"has-text-align-center has-x-large-font-size\"><strong> Moments part<\/strong>ag\u00e9s<\/h2>\n<!-- \/wp:heading -->\n\n<!-- wp:columns {\"align\":\"wide\"} -->\n<div class=\"wp-block-columns alignwide\"><!-- wp:column {\"width\":\"100%\"} -->\n<div class=\"wp-block-column\" style=\"flex-basis:100%\"><\/div>\n<!-- \/wp:column --><\/div>\n<!-- \/wp:columns -->\n\n<!-- wp:columns -->\n<div class=\"wp-block-columns\"><!-- wp:column {\"width\":\"66.66%\"} -->\n<div class=\"wp-block-column\" style=\"flex-basis:66.66%\"><!-- wp:skaut-google-drive-gallery\/gallery {\"path\":[],\"image_ordering_order\":\"ascending\",\"image_ordering_by\":\"name\"} \/--><\/div>\n<!-- \/wp:column -->\n\n<!-- wp:column {\"width\":\"33.33%\"} -->\n<div class=\"wp-block-column\" style=\"flex-basis:33.33%\"><!-- wp:heading -->\n<h2>Bagatelle et Denise 2017<\/h2>\n<!-- \/wp:heading -->\n\n<!-- wp:paragraph -->\n<p>A\u00e9ration la veille de la Cousinade de 2017.<\/p>\n<!-- \/wp:paragraph -->\n\n<!-- wp:heading -->\n<h2>Cousinade 2017<\/h2>\n<!-- \/wp:heading -->\n\n<!-- wp:paragraph {\"align\":\"left\"} -->\n<p class=\"has-text-align-left\">A Levallois-Perret. <\/p>\n<!-- \/wp:paragraph -->\n\n<!-- wp:heading -->\n<h2>La Mouthe  Le Cimeti\u00e8re<\/h2>\n<!-- \/wp:heading -->\n\n<!-- wp:paragraph -->\n<p>2 jours chez Jean-Michel Sylvette, pour faire quelques photos sur le cimeti\u00e8re (demande Georges) et surtout le plaisir de les voir.<\/p>\n<!-- \/wp:paragraph -->\n\n<!-- wp:heading -->\n<h2>Cousinade 2022<\/h2>\n<!-- \/wp:heading -->\n\n<!-- wp:paragraph -->\n<p>A Levallois-Perret. Plaisir de voir les Blin et la famille d'Olivier en sus. Retardataires absents des photo: Alix, Christel (logique) et Philippe (moins logique) :) .<\/p>\n<!-- \/wp:paragraph -->\n\n<!-- wp:spacer {\"height\":\"53px\"} -->\n<div style=\"height:53px\" aria-hidden=\"true\" class=\"wp-block-spacer\"><\/div>\n<!-- \/wp:spacer --><\/div>\n<!-- \/wp:column --><\/div>\n<!-- \/wp:columns -->\n\n<!-- wp:paragraph -->\n<p><mark style=\"background-color:#fcb900\" class=\"has-inline-color\"><em>Acces au photo: <\/em><\/mark><em>Cliquer sur le r\u00e9pertoire choisi \/ cliquer sur une photo \/ Changer de photo avec les curseurs lat\u00e9raux <\/em>.<\/p>\n<!-- \/wp:paragraph -->\n\n<!-- wp:paragraph -->\n<p><em><mark style=\"background-color:#fcb900\" class=\"has-inline-color\">Retour \u00e0 la racine <\/mark>en cliquant sur <mark style=\"background-color:rgba(0, 0, 0, 0)\" class=\"has-inline-color has-vivid-cyan-blue-color\">Gallery <\/mark>au dessus des r\u00e9pertoires<\/em><\/p>\n<!-- \/wp:paragraph -->\n\n<!-- wp:spacer {\"height\":\"66px\"} -->\n<div style=\"height:66px\" aria-hidden=\"true\" class=\"wp-block-spacer\"><\/div>\n<!-- \/wp:spacer -->","_et_gb_content_width":"1080","footnotes":""},"class_list":["post-349","page","type-page","status-publish","has-post-thumbnail","hentry"],"yoast_head":"<!-- This site is optimized with the Yoast SEO plugin v20.5 - https:\/\/yoast.com\/wordpress\/plugins\/seo\/ -->\n<title>Cousinades - Stroh - ballades<\/title>\n<meta name=\"description\" content=\"Cousinades et \u00e9v\u00e8nements partag\u00e9s de famille Stroh et de ses cousins Blin, Dechamps, Paillhes\" \/>\n<meta name=\"robots\" content=\"index, follow, max-snippet:-1, max-image-preview:large, max-video-preview:-1\" \/>\n<link rel=\"canonical\" href=\"https:\/\/strohteam.fr\/index.php\/galerie\/\" \/>\n<meta property=\"og:locale\" content=\"fr_FR\" \/>\n<meta property=\"og:type\" content=\"article\" \/>\n<meta property=\"og:title\" content=\"Cousinades - Stroh - ballades\" \/>\n<meta property=\"og:description\" content=\"Cousinades et \u00e9v\u00e8nements partag\u00e9s de famille Stroh et de ses cousins Blin, Dechamps, Paillhes\" \/>\n<meta property=\"og:url\" content=\"https:\/\/strohteam.fr\/index.php\/galerie\/\" \/>\n<meta property=\"og:site_name\" content=\"Familles Stroh &amp; Co\" \/>\n<meta property=\"article:modified_time\" content=\"2024-04-11T12:34:21+00:00\" \/>\n<meta property=\"og:image\" content=\"http:\/\/strohteam.fr\/wp-content\/uploads\/2023\/04\/DSC00215_6_7_tonemapped-W-1.jpg\" \/>\n\t<meta property=\"og:image:width\" content=\"1900\" \/>\n\t<meta property=\"og:image:height\" content=\"974\" \/>\n\t<meta property=\"og:image:type\" content=\"image\/jpeg\" \/>\n<meta name=\"twitter:card\" content=\"summary_large_image\" \/>\n<meta name=\"twitter:label1\" content=\"Dur\u00e9e de lecture estim\u00e9e\" \/>\n\t<meta name=\"twitter:data1\" content=\"1 minute\" \/>\n<script type=\"application\/ld+json\" class=\"yoast-schema-graph\">{\"@context\":\"https:\/\/schema.org\",\"@graph\":[{\"@type\":\"WebPage\",\"@id\":\"https:\/\/strohteam.fr\/index.php\/galerie\/\",\"url\":\"https:\/\/strohteam.fr\/index.php\/galerie\/\",\"name\":\"Cousinades - Stroh - ballades\",\"isPartOf\":{\"@id\":\"https:\/\/strohteam.fr\/#website\"},\"datePublished\":\"2023-04-08T20:11:22+00:00\",\"dateModified\":\"2024-04-11T12:34:21+00:00\",\"description\":\"Cousinades et \u00e9v\u00e8nements partag\u00e9s de famille Stroh et de ses cousins Blin, Dechamps, Paillhes\",\"breadcrumb\":{\"@id\":\"https:\/\/strohteam.fr\/index.php\/galerie\/#breadcrumb\"},\"inLanguage\":\"fr-FR\",\"potentialAction\":[{\"@type\":\"ReadAction\",\"target\":[\"https:\/\/strohteam.fr\/index.php\/galerie\/\"]}]},{\"@type\":\"BreadcrumbList\",\"@id\":\"https:\/\/strohteam.fr\/index.php\/galerie\/#breadcrumb\",\"itemListElement\":[{\"@type\":\"ListItem\",\"position\":1,\"name\":\"Accueil\",\"item\":\"https:\/\/strohteam.fr\/\"},{\"@type\":\"ListItem\",\"position\":2,\"name\":\"Galeries\"}]},{\"@type\":\"WebSite\",\"@id\":\"https:\/\/strohteam.fr\/#website\",\"url\":\"https:\/\/strohteam.fr\/\",\"name\":\"Familles Stroh &amp; Co\",\"description\":\"R\u00e9cits des familles Stroh &amp; Co du Saint Empire Germanique \u00e0 aujourd&#039;hui\",\"potentialAction\":[{\"@type\":\"SearchAction\",\"target\":{\"@type\":\"EntryPoint\",\"urlTemplate\":\"https:\/\/strohteam.fr\/?s={search_term_string}\"},\"query-input\":\"required name=search_term_string\"}],\"inLanguage\":\"fr-FR\"}]}<\/script>\n<!-- \/ Yoast SEO plugin. -->","yoast_head_json":{"title":"Cousinades - Stroh - ballades","description":"Cousinades et \u00e9v\u00e8nements partag\u00e9s de famille Stroh et de ses cousins Blin, Dechamps, Paillhes","robots":{"index":"index","follow":"follow","max-snippet":"max-snippet:-1","max-image-preview":"max-image-preview:large","max-video-preview":"max-video-preview:-1"},"canonical":"https:\/\/strohteam.fr\/index.php\/galerie\/","og_locale":"fr_FR","og_type":"article","og_title":"Cousinades - Stroh - ballades","og_description":"Cousinades et \u00e9v\u00e8nements partag\u00e9s de famille Stroh et de ses cousins Blin, Dechamps, Paillhes","og_url":"https:\/\/strohteam.fr\/index.php\/galerie\/","og_site_name":"Familles Stroh &amp; Co","article_modified_time":"2024-04-11T12:34:21+00:00","og_image":[{"width":1900,"height":974,"url":"http:\/\/strohteam.fr\/wp-content\/uploads\/2023\/04\/DSC00215_6_7_tonemapped-W-1.jpg","type":"image\/jpeg"}],"twitter_card":"summary_large_image","twitter_misc":{"Dur\u00e9e de lecture estim\u00e9e":"1 minute"},"schema":{"@context":"https:\/\/schema.org","@graph":[{"@type":"WebPage","@id":"https:\/\/strohteam.fr\/index.php\/galerie\/","url":"https:\/\/strohteam.fr\/index.php\/galerie\/","name":"Cousinades - Stroh - ballades","isPartOf":{"@id":"https:\/\/strohteam.fr\/#website"},"datePublished":"2023-04-08T20:11:22+00:00","dateModified":"2024-04-11T12:34:21+00:00","description":"Cousinades et \u00e9v\u00e8nements partag\u00e9s de famille Stroh et de ses cousins Blin, Dechamps, Paillhes","breadcrumb":{"@id":"https:\/\/strohteam.fr\/index.php\/galerie\/#breadcrumb"},"inLanguage":"fr-FR","potentialAction":[{"@type":"ReadAction","target":["https:\/\/strohteam.fr\/index.php\/galerie\/"]}]},{"@type":"BreadcrumbList","@id":"https:\/\/strohteam.fr\/index.php\/galerie\/#breadcrumb","itemListElement":[{"@type":"ListItem","position":1,"name":"Accueil","item":"https:\/\/strohteam.fr\/"},{"@type":"ListItem","position":2,"name":"Galeries"}]},{"@type":"WebSite","@id":"https:\/\/strohteam.fr\/#website","url":"https:\/\/strohteam.fr\/","name":"Familles Stroh &amp; Co","description":"R\u00e9cits des familles Stroh &amp; Co du Saint Empire Germanique \u00e0 aujourd&#039;hui","potentialAction":[{"@type":"SearchAction","target":{"@type":"EntryPoint","urlTemplate":"https:\/\/strohteam.fr\/?s={search_term_string}"},"query-input":"required name=search_term_string"}],"inLanguage":"fr-FR"}]}},"_links":{"self":[{"href":"https:\/\/strohteam.fr\/index.php\/wp-json\/wp\/v2\/pages\/349","targetHints":{"allow":["GET"]}}],"collection":[{"href":"https:\/\/strohteam.fr\/index.php\/wp-json\/wp\/v2\/pages"}],"about":[{"href":"https:\/\/strohteam.fr\/index.php\/wp-json\/wp\/v2\/types\/page"}],"author":[{"embeddable":true,"href":"https:\/\/strohteam.fr\/index.php\/wp-json\/wp\/v2\/users\/2"}],"replies":[{"embeddable":true,"href":"https:\/\/strohteam.fr\/index.php\/wp-json\/wp\/v2\/comments?post=349"}],"version-history":[{"count":88,"href":"https:\/\/strohteam.fr\/index.php\/wp-json\/wp\/v2\/pages\/349\/revisions"}],"predecessor-version":[{"id":4026,"href":"https:\/\/strohteam.fr\/index.php\/wp-json\/wp\/v2\/pages\/349\/revisions\/4026"}],"wp:featuredmedia":[{"embeddable":true,"href":"https:\/\/strohteam.fr\/index.php\/wp-json\/wp\/v2\/media\/879"}],"wp:attachment":[{"href":"https:\/\/strohteam.fr\/index.php\/wp-json\/wp\/v2\/media?parent=349"}],"curies":[{"name":"wp","href":"https:\/\/api.w.org\/{rel}","templated":true}]}}